82).
19
Suppose -106*z - 5136 = -19022. Calculate the remainder when z is divided by 68.
63
Suppose 152*r - 47981 = 144333 - 48674. Calculate the remainder when r is divided by 206.
121
Suppose -1090 = -16*k + 21*k. Let q = k - -281. What is the remainder when 187 is divided by q?
61
Calculate the remainder when 1601 is divided by ((-2537)/2408 + 2/(-28))/(2/(-16)).
8
Let u = 69 - 47. Suppose 26 = b + 2*l, 1735*l - 7 = 1736*l. What is the remainder when b is divided by u?
18
Let l = -914 - -929. Let j(s) = -s**3 - 12*s**2 - 7*s - 5. What is the remainder when j(-12) is divided by l?
4
Suppose 0 = 4*i + 4, -w = -4*i - 3463 + 1087. What is the remainder when w is divided by 17?
9
Let w = 142 - 142. Suppose -5*o + 2*r + 1243 = w, o - r - 255 = r. What is the remainder when o is divided by 25?
22
Let s(j) = 5*j**2 - 35*j + 2. Let m be s(12). Suppose 133 = 2*v - 4*c - 21, 4*v - 5*c = m. Calculate the remainder when v is divided by 11.
7
Let a = -26 - -26. Suppose 2*w - 5*w + 42 = a. Suppose -324 = -4*c - 2*v + 52, -4*v + 467 = 5*c. Calculate the remainder when c is divided by w.
11
Let j be 10*5/25*5. Let h = j + -3. Suppose -h*f + 14 = -0. Calculate the remainder when 5 is divided by f.
1
Let j(q) = -6*q - 7. Let m be j(-2). Let y(l) = l**3 - 4*l**2 - 3*l + 10. Let n be y(m). Let f = n + 6. What is the remainder when 49 is divided by f?
23
Let n = 113 + -74. Let p(d) = 2*d**2 - 106*d - 352. Calculate the remainder when p(58) is divided by n.
33
Suppose -5*m + 40 = -3*m. Suppose -27*q - 28*q + 1335 = -755. What is the remainder when q is divided by m?
18
Let z = 3558 - 3275. Calculate the remainder when z is divided by 251.
32
Let h(s) = -7*s**3 + 4*s**2 - 5*s + 3. Let l be h(2). Let z = -71 - l. Let r = z + 81. Calculate the remainder when r is divided by 12.
9
Let k = 103 - 100. Suppose k*z - 43 = 80. Calculate the remainder when z is divided by 9.
5
Let c be (-60)/(-21) + (-7)/(-49). Let k(n) = 77*n - 127. What is the remainder when k(c) is divided by 32?
8
Let c(z) = 2*z**2 - 2*z + 3. Let u be c(0). Suppose -u*s + 3*h = -0*h - 219, -s - 5*h + 85 = 0. Calculate the remainder when s is divided by 21.
12
Suppose -54146 = -86*z - 91*z - 14675. What is the remainder when z is divided by (49 + 1)*2/4?
23
Let p = -499609 - -499622. What is the remainder when (-2)/2 + 1 + 647 is divided by p?
10
Suppose -280 = -7*p + c, 5*p - 2*c + 18 = 218. What is the remainder when 239 is divided by p?
39
Let m(b) = -8*b**2 + 95*b + 23. What is the remainder when 5673 is divided by m(12)?
8
Suppose 0 = 1074*y - 1069*y + 2*f - 576, f = -7. Calculate the remainder when y is divided by 68.
50
Let f be (-3006)/(-14) - (-1)/(28/8). Suppose -8*k - 23 = -f. What is the remainder when 188 is divided by k?
20
Suppose -1958*b + 12556 = -1885*b. What is the remainder when 1887 is divided by b?
167
Let c be (7/1 - 11) + 0/(-2). Let y(u) = -5*u + 29. Let d(k) = -6*k + 29. Let x(g) = c*d(g) + 5*y(g). What is the remainder when 24 is divided by x(20)?
6
Suppose 2518 + 771 = 23*o. Calculate the remainder when o is divided by 20/8 + (-1236)/(-24).
35
Suppose 306*c - 625*c + 3239 = -278*c. Calculate the remainder when 268 is divided by c.
31
Let w = 62 + -14. What is the remainder when 6 + (((-512)/12)/(-4))/((-56)/(-924)) is divided by w?
38
Let f(x) = 27*x**2 - 7*x - 6. What is the remainder when f(-1) is divided by 6?
4
Let b(k) = k**3 - 7*k**2 + 9*k - 3. Let f be b(7). Suppose 5*d - 220 + f = 0. Let q = d - 26. What is the remainder when 11 is divided by q?
5
Let z = 1636 - 1502. Calculate the remainder when z is divided by 7.
1
Suppose -11*q + 13*q + 20 = 2*n, -3*n - 4*q + 23 = 0. Suppose 2*o - p = 13, -4*p = -4*o - n*p + 19. Calculate the remainder when 51 is divided by o.
3
Let m = -2725 - -2831. Calculate the remainder when m is divided by 68.
38
Suppose -4*j + 3 + 84 = z, 5*z - 99 = -4*j. What is the remainder when 4/(-3) + 196/j is divided by 5?
3
Let x = 12320 + -12297. Let c(r) = r - 7. Let s be c(10). Suppose 7 - 43 = -s*g. Calculate the remainder when x is divided by g.
11
Suppose -t = -4, -59*k + 61*k - 4*t = 44. What is the remainder when 1047 is divided by k?
27
Let c = -80 + 187. Let f = -95 + c. What is the remainder when 5/((-10)/(-68)) + 0 is divided by f?
10
Let m = 55 + -67. Let i(o) = -o**2 - 27*o. What is the remainder when i(m) is divided by 14?
12
Let y = -14 - -14. Suppose -m + 0*a + 34 = -3*a, y = -5*m - a + 186. Suppose -3*f + m = -59. What is the remainder when 95 is divided by f?
31
Suppose 993*a - 990*a - 144 = 0. Calculate the remainder when (-1245)/(-10)*(-2)/(-3) is divided by a.
35
Let t be (-1 - -2)/(1/7). Let z be 39/(-91) + 3/t. Suppose 16*u - 14*u - 72 = z. Calculate the remainder when 107 is divided by u.
35
Suppose -3*r + 5*w + 1 + 9 = 0, 5*r = -5*w + 70. Let i = r + 5. Calculate the remainder when (-13)/(-4) + 3 - i/(-20) is divided by 3.
1
Suppose -2*c + 515 = -2*x - 89, 0 = -4*c - 3*x + 1222. Suppose 4*u - 50 = 4*g + 238, 0 = 4*u + 4*g - c. What is the remainder when 295 is divided by u?
73
Suppose 7*z + 3*g + 34 = 6*z, 0 = 4*z - 3*g + 61. Let w = -14 - z. Calculate the remainder when w is divided by 1.
0
Suppose -534 - 241 = -5*a. What is the remainder when a is divided by (-92)/16*(-1 + -3)?
17
Suppose 0 = -237*d + 231*d + 990. Let j = 181 - d. What is the remainder when 53 is divided by j?
5
Suppose -4*n + 5*o + 31 = 0, 55*o = n + 50*o + 11. Calculate the remainder when 527 is divided by n.
9
Let k(c) = -2*c**2 - 1. Suppose -15 = s - 13. Let o be k(s). Calculate the remainder when (-228)/o + (-14)/(-21) is divided by 9.
8
Let d = -43106 + 43242. Calculate the remainder when 143 is divided by d.
7
Let n(t) = -t**2 + 46*t + 1051. What is the remainder when n(0) is divided by 34?
31
Let x(b) = 6*b**2 - 249*b + 487. What is the remainder when 416 is divided by x(40)?
35
Let y = -1484 - -1551. What is the remainder when y is divided by 19?
10
Let b(v) = -51*v**2 + 35*v**2 - 2*v**3 - 17 + 14*v - 3*v + 30*v**2. What is the remainder when b(7) is divided by 44?
16
Let z(j) = 23*j + 1271. Calculate the remainder when 1577 is divided by z(-53).
17
Let l(o) = -o**2 + 51*o - 289. Calculate the remainder when l(20) is divided by 17.
8
Calculate the remainder when (-20)/(-6) + -3 + (-27880)/(-123) is divided by 67.
26
Suppose 2*a = -3636*v + 3635*v + 71, -171 = -5*a + 4*v. Calculate the remainder when a is divided by (-1 + 0)*(-39)/3.
9
Let t = -28710 - -52889. What is the remainder when t is divided by 93?
92
What is the remainder when 614 is divided by 4 - (-12 + (-10)/(-10))?
14
Let o = 42 + -8. Let u = 5777 + -5724. Calculate the remainder when u is divided by o.
19
Suppose 224*r - 148546 = 43870. What is the remainder when r is divided by 76?
23
Let b = 1132 - 1059. Let f(j) = 6*j**2 - 12*j - 9. What is the remainder when f(-4) is divided by b?
62
Suppose -p + 2*s + 67 = 0, 4*p = s + 666 - 398. What is the remainder when p is divided by ((-3)/(-9))/((-2)/(-84))?
11
Let u(o) = -31*o - 783. What is the remainder when u(-40) is divided by 27?
25
Suppose 18*n - 846 = 9*n. Suppose -3*t + 15 = 2*t. Suppose -2*j = t*j - 120. What is the remainder when n is divided by j?
22
Let s(t) = -237*t - 57. What is the remainder when s(-3) is divided by 11?
5
Suppose -297 = -5*x + 358. Let b(s) = -14*s**2 - 1265*s - 417. Calculate the remainder when x is divided by b(-90).
32
Let n(s) = s**3 - 19*s**2 + 37*s - 739. Calculate the remainder when n(22) is divided by 18.
15
Suppose 0 = 42*j - 52426 + 15718. Calculate the remainder when j is divided by 30.
4
Let r be 1125 - (32/(-12) + (-4)/(-6)). Suppose -16*a + 1977 = -r. What is the remainder when a is divided by 67?
60
Let b = 46 + -32. Suppose 3*c - b = -i + 5*c, -3*i + c + 27 = 0. Suppose -t + 30 = i. What is the remainder when 40 is divided by t?
18
Suppose -o - 5*z = -139, 4*z + 137 = 2*o - 155. What is the remainder when o is divided by 29?
28
Let b(l) = -l**2 + 13*l - 12. Let a(w) = 14*w - 72. Let o be a(5). Let f(n) = 14*n**2 + 6*n + 8. What is the remainder when f(o) is divided by b(10)?
16
Let v be (-3)/5*60/(-2). Suppose 0 = -4*k + v + 22. Suppose -339 + 89 = -k*y. Calculate the remainder when 72 is divided by y.
22
What is the remainder when (-1*2/7)/(80/280) + 2719 is divided by 208?
14
Suppose -